List the prime factors of 7472091.
3, 11, 226427
List the prime factors of 210184.
2, 13, 43, 47
What are the prime factors of 4324335?
3, 5, 29, 9941
List the prime factors of 1538936.
2, 7, 27481
List the prime factors of 412918.
2, 11, 137
What are the prime factors of 181546?
2, 43, 2111
What are the prime factors of 1872866?
2, 37, 25309
What are the prime factors of 9764706?
2, 3, 7, 29, 8017
What are the prime factors of 11362407?
3, 7, 509, 1063
What are the prime factors of 5126471?
7, 113, 6481
What are the prime factors of 7635159?
3, 7, 17, 7129
What are the prime factors of 312459?
3, 7, 14879
List the prime factors of 586480.
2, 5, 7331
List the prime factors of 1858597.
13, 142969
What are the prime factors of 563566?
2, 281783
List the prime factors of 6281840.
2, 5, 17, 31, 149
List the prime factors of 1499128.
2, 17, 73, 151
List the prime factors of 13528.
2, 19, 89
What are the prime factors of 10801891?
29, 37, 10067
List the prime factors of 211531.
17, 23, 541
What are the prime factors of 2505412?
2, 7, 13, 6883
List the prime factors of 6311077.
1283, 4919
What are the prime factors of 9077179?
79, 114901
What are the prime factors of 4966430?
2, 5, 7, 70949
List the prime factors of 688712.
2, 19, 23, 197
List the prime factors of 898938.
2, 3, 31, 179
What are the prime factors of 705334?
2, 7, 83, 607
What are the prime factors of 1223911?
13, 31, 3037
List the prime factors of 1308165.
3, 5, 87211
List the prime factors of 357391.
17, 21023
What are the prime factors of 18530855?
5, 7, 29, 18257
List the prime factors of 1224.
2, 3, 17
List the prime factors of 32596566.
2, 3, 23, 236207
What are the prime factors of 569709?
3, 7, 9043
What are the prime factors of 1284857?
7, 31, 191
What are the prime factors of 24514?
2, 7, 17, 103
What are the prime factors of 12168596?
2, 11, 347, 797
List the prime factors of 16361084.
2, 1163, 3517
What are the prime factors of 79168?
2, 1237
List the prime factors of 137683.
7, 13, 17, 89
What are the prime factors of 125424?
2, 3, 13, 67
List the prime factors of 4794534.
2, 3, 23, 37, 313
What are the prime factors of 93009?
3, 7, 43, 103
What are the prime factors of 409403?
43, 9521
What are the prime factors of 11940892?
2, 19, 59, 2663
What are the prime factors of 139892?
2, 41, 853
What are the prime factors of 284614?
2, 11, 17, 761
List the prime factors of 71773.
13, 5521
List the prime factors of 35997.
3, 13, 71
List the prime factors of 3475272.
2, 3, 89, 1627
What are the prime factors of 35317761?
3, 11772587
What are the prime factors of 15732817?
19, 828043
List the prime factors of 6295317.
3, 7, 299777
List the prime factors of 2195066.
2, 1097533
What are the prime factors of 142316?
2, 47, 757
What are the prime factors of 738767?
53, 263
List the prime factors of 141056.
2, 19, 29
What are the prime factors of 1199616?
2, 3, 11, 71
What are the prime factors of 5667766?
2, 13, 17, 12823
List the prime factors of 19679.
11, 1789
What are the prime factors of 107551?
131, 821
List the prime factors of 832516.
2, 208129
What are the prime factors of 25588?
2, 6397
List the prime factors of 221444.
2, 23, 29, 83
List the prime factors of 3163975.
5, 19, 6661
What are the prime factors of 621614?
2, 7, 6343
List the prime factors of 1181572.
2, 7, 19, 2221
List the prime factors of 23735940.
2, 3, 5, 19, 47, 443
What are the prime factors of 29209920?
2, 3, 5, 30427
List the prime factors of 458881.
17, 26993
List the prime factors of 355346.
2, 127, 1399
What are the prime factors of 347217?
3, 13, 29, 307
What are the prime factors of 182936?
2, 13, 1759
What are the prime factors of 1011963?
3, 71, 4751
What are the prime factors of 160596?
2, 3, 1487
List the prime factors of 1743431.
709, 2459
What are the prime factors of 221191?
23, 59, 163
List the prime factors of 9112163.
23, 396181
What are the prime factors of 10337738?
2, 5168869
What are the prime factors of 2203544?
2, 7, 19, 109
What are the prime factors of 10498072?
2, 13, 100943
List the prime factors of 7669313.
163, 47051
List the prime factors of 17716667.
17716667
List the prime factors of 606922.
2, 73, 4157
What are the prime factors of 1690325?
5, 7, 13, 743
List the prime factors of 935769.
3, 19, 16417
List the prime factors of 1006253.
1006253
List the prime factors of 2314969.
2314969
List the prime factors of 2064457.
23, 89759
List the prime factors of 692672.
2, 79, 137
What are the prime factors of 26425?
5, 7, 151
List the prime factors of 13396435.
5, 13, 43, 4793
List the prime factors of 2849633.
2849633
List the prime factors of 303877.
7, 43411
What are the prime factors of 2310863?
43, 61, 881
List the prime factors of 260498.
2, 7, 23, 809
List the prime factors of 1143709.
7, 17, 1373
List the prime factors of 1425728.
2, 22277
What are the prime factors of 205426?
2, 13, 7901
List the prime factors of 208840.
2, 5, 23, 227
What are the prime factors of 3968841?
3, 41, 787
What are the prime factors of 316581?
3, 105527
What are the prime factors of 1558628?
2, 17, 22921
What are the prime factors of 97942?
2, 13, 3767
List the prime factors of 649199.
499, 1301
List the prime factors of 93758.
2, 7, 37, 181
List the prime factors of 10541637.
3, 19, 20549
What are the prime factors of 763927?
763927
What are the prime factors of 96475?
5, 17, 227
List the prime factors of 1501625.
5, 41, 293
What are the prime factors of 1751232?
2, 3, 7, 1303
List the prime factors of 14996902.
2, 719, 10429
List the prime factors of 2123702.
2, 7, 151693
List the prime factors of 311094.
2, 3, 7, 823
List the prime factors of 675832.
2, 23, 3673
List the prime factors of 3825452.
2, 23, 43, 967
List the prime factors of 975599.
975599
List the prime factors of 1303175.
5, 52127
What are the prime factors of 6405375?
3, 5, 19, 29, 31
List the prime factors of 637162.
2, 318581
What are the prime factors of 112988?
2, 47, 601
What are the prime factors of 695438?
2, 19, 18301
List the prime factors of 1013331.
3, 11, 30707
List the prime factors of 196509.
3, 31, 2113
List the prime factors of 7908586.
2, 7, 564899
What are the prime factors of 620447?
43, 47, 307
What are the prime factors of 667723?
7, 13627
List the prime factors of 1133380.
2, 5, 61, 929
What are the prime factors of 58063?
31, 1873
List the prime factors of 5044645.
5, 659, 1531
List the prime factors of 1864432.
2, 19, 6133
List the prime factors of 3981068.
2, 7, 13, 10937
List the prime factors of 7200464.
2, 450029
List the prime factors of 11783042.
2, 5891521
List the prime factors of 74260.
2, 5, 47, 79
What are the prime factors of 1096664?
2, 29, 163
List the prime factors of 1740348.
2, 3, 29, 1667
What are the prime factors of 1726794?
2, 3, 23, 43, 97
List the prime factors of 9699195.
3, 5, 11, 29, 2027
List the prime factors of 21373.
11, 29, 67
What are the prime factors of 274575?
3, 5, 7, 523
What are the prime factors of 2866520?
2, 5, 71663
What are the prime factors of 1723028?
2, 71, 6067
List the prime factors of 2150276.
2, 537569
What are the prime factors of 2864414?
2, 7, 204601
List the prime factors of 736835.
5, 11, 13397
What are the prime factors of 2604941?
89, 29269
List the prime factors of 75095.
5, 23, 653
List the prime factors of 1051806.
2, 3, 7, 79, 317
What are the prime factors of 3762965?
5, 752593
List the prime factors of 31503637.
11, 2863967
What are the prime factors of 210015?
3, 5, 13, 359
List the prime factors of 666725.
5, 26669
What are the prime factors of 295577?
73, 4049
List the prime factors of 80720.
2, 5, 1009
What are the prime factors of 5510814?
2, 3, 918469
What are the prime factors of 2688256?
2, 10501
List the prime factors of 529293.
3, 176431
List the prime factors of 10820397.
3, 7, 137, 3761
What are the prime factors of 305863?
29, 53, 199
What are the prime factors of 987470?
2, 5, 11, 47, 191
What are the prime factors of 1205663?
1205663
List the prime factors of 2007676.
2, 11, 103, 443
What are the prime factors of 107690?
2, 5, 11, 89
List the prime factors of 518962.
2, 37, 7013
What are the prime factors of 281105?
5, 11, 19, 269
List the prime factors of 24278.
2, 61, 199
List the prime factors of 298911.
3, 17, 5861
What